ive of 2*d**3/3 + 43*d**2/2 - 68*d. What is the remainder when 17 is divided by m(-10)?
2
Suppose -46 - 20 = -6*a. Suppose -14 = -s - 5. Let v = -3 + s. What is the remainder when a is divided by v?
5
Suppose -19166 + 3717 = -7*q. Calculate the remainder when q is divided by 96.
95
Let x(j) = j**3 - 31*j**2 + 34*j - 99. Calculate the remainder when 1542 is divided by x(30).
9
Suppose 5*t + 21*t = -650. Let b = 24 - t. What is the remainder when 94 is divided by b?
45
Let j be 107/(-5) - 30/50. Let i = j + 33. Suppose -2 = 2*t + 5*m - 8, -6 = -2*t - 4*m. Calculate the remainder when i is divided by t.
2
Suppose y - 2*k = 117, -y - 1052*k + 1049*k = -67. Calculate the remainder when y is divided by 40/3 - (-6)/9.
13
Let u = 6 + 2. Calculate the remainder when 557 is divided by (-16)/u*52/(-8).
11
Let z = -1307 + 3167. Suppose -t + 16*t - z = 0. What is the remainder when t is divided by 55?
14
Suppose -381 = 72*a + 22*a - 4235. Let c = -8 - -21. Calculate the remainder when a is divided by c.
2
Calculate the remainder when ((285/(-120))/((-2)/68))/((-1)/(-8)) is divided by 19.
0
Let z(g) = 511*g**2 + 14*g - 42. Calculate the remainder when z(5) is divided by 11.
10
Let y = -33 - -42. Let v = -4 + y. Suppose 15 = -v*o + 2*o, -2*o - 3 = q. What is the remainder when 25 is divided by q?
4
Calculate the remainder when 230 is divided by (95 - 19)*5/4.
40
Suppose -18961*d = -18983*d + 11748. Calculate the remainder when d is divided by 183.
168
Suppose -3*i = 3*l - 210, 253 - 43 = 3*l - i. Let z = 7 + -2. Suppose -2*n + 26 = r - 2, z*n + 5*r - 80 = 0. Calculate the remainder when l is divided by n.
10
What is the remainder when 30/((-120)/(-92)) - -305 is divided by 122?
84
Suppose 0 = -q + 4*i + 14, 3*q - 5*i - 10 = 11. Let s(r) = -r - 18 - r**q - 11*r + 23 - 19. Calculate the remainder when 108 is divided by s(-6).
20
Let n = -105 + 108. Suppose 2*a + 4 = -0. Let o = a - -6. What is the remainder when o is divided by n?
1
Suppose 3*y - 6*s + 9*s = 120, 5*s + 220 = 5*y. Suppose -4*v = 2*h - y, -3*h - 3*v = -6 - 48. What is the remainder when h is divided by 14?
1
Suppose 492 = 6*k - 2*k. Calculate the remainder when k is divided by -72*-2*(-8)/(-64).
15
Suppose 3*i - 4*r - 21 + 2 = 0, 0 = -r - 1. Suppose -25 = -z + i*k + 14, -224 = -5*z - 4*k. What is the remainder when z is divided by 8?
4
Let d(i) = i**3 + 8*i**2 - 15*i + 58. Let f be d(-10). What is the remainder when 12/f*1208/12 is divided by 3?
1
Let k(i) = -5*i**2 + 23*i + 372. Suppose u = q + 6*u - 1, 4*q = -3*u + 72. Suppose 0 = -r - 2*r + q. What is the remainder when k(11) is divided by r?
6
What is the remainder when 876 is divided by ((-6)/(1 + 1/4))/((-634)/4755)?
12
Let o(i) = i**3 + i**2 + 13*i - 25. Calculate the remainder when o(12) is divided by 12.
11
Suppose 4*p + 5*w - 3695 = 10*w, -5*p - 2*w + 4627 = 0. Suppose 5*r + 5*t - p = 0, t + 1 = 2. What is the remainder when r is divided by 5?
4
Let z(t) = 24*t - 1064. Calculate the remainder when z(52) is divided by 52.
28
Suppose -25 = -369*y + 364*y. Let h(v) = -v**3 + 10*v**2 - 5*v + 4. What is the remainder when h(y) is divided by 9?
5
Let q = -4895 - -4918. What is the remainder when 698 is divided by q?
8
Suppose -2*h - 2 = 4, -3*u = -3*h - 33. Suppose -5*z + 16 = -3*p - u, 2*p - 16 = -2*z. What is the remainder when 17 is divided by z?
5
Let q = 17202 - 17198. Let g(n) = 8*n - 5. What is the remainder when g(5) is divided by q?
3
Suppose -3*l = -l + 4, 3*l + 51 = 3*g. Let v(i) = -7*i + 221. Calculate the remainder when v(26) is divided by g.
9
Let a = -26398 + 26413. What is the remainder when 49 is divided by a?
4
Let c(f) = -6*f + 22. Let j be c(3). Suppose -j*k = 5*g - 70, 0 = -5*g + 3*g - k + 25. Calculate the remainder when 278 is divided by g.
8
Suppose 2*c = -2*b + 1720, 240*b - 4*c = 243*b - 2570. Suppose -4*r + 5*h + 62 = 3*h, 2*h + 49 = 3*r. Calculate the remainder when b is divided by r.
12
Let n = -3038 + 3818. Calculate the remainder when n is divided by 98.
94
Suppose -5*d = -6*s - 79, d - 7*s = -4*s + 14. Let p(w) = 66*w**3 + w**2. Calculate the remainder when p(1) is divided by d.
16
Let d = -262 - -7674. What is the remainder when d is divided by 24?
20
Suppose -39*v + 37*v - 3 = f, f - 2*v = 13. Suppose f*l - 499 = 591. Calculate the remainder when l is divided by 17.
14
Suppose 172 = -7*n + 18. Calculate the remainder when (-5511)/n*(1 + (-3)/9) is divided by 21.
20
Let x = -79 + 81. Suppose -5*s - 5 = -5*o, 5*o - 3*o + 2*s - x = 0. What is the remainder when -196*((-5)/10)/o is divided by 33?
32
Suppose -9596 = -27*m + 7873. Calculate the remainder when m is divided by 39.
23
Suppose -9*s - 29*s = -13604. Calculate the remainder when s is divided by 18.
16
Suppose 2954*r - 2949*r + 4*a - 58 = 0, r = -4*a + 18. Calculate the remainder when 137 is divided by r.
7
What is the remainder when (1377/81)/(6/48) is divided by 28?
24
Let j(d) = d**2 + d - 25. Let b be 4/(-14) - (-7)/((-49)/(-44)). Suppose -2*v + 7 + 19 = 0. What is the remainder when j(b) is divided by v?
4
Let q = 11189 + -10939. Calculate the remainder when 768 is divided by q.
18
Suppose 4*w = -5*z - 267, -w + 138 = -3*w - 4*z. What is the remainder when 52 is divided by (-6)/(2/(-7) - (-24)/w)?
7
Let m be ((-60)/(-25))/(2/(-25)). Let k be (120/25)/(4/m). Calculate the remainder when ((-32)/(-3))/((-6)/k) is divided by 17.
13
Suppose -6*i = 23*i - 707 - 1613. Calculate the remainder when 262 is divided by i.
22
Let z be 9/6*(5 + -43). Let h = z + 59. Calculate the remainder when 40 is divided by ((h - 5) + -1)*(0 + -4).
8
Suppose 32 = -5*o - 2*n + 64, -5*o - n + 36 = 0. What is the remainder when 247 is divided by o?
7
Let g(k) = 90*k**2 + k + 1. Let v = -422848 + 423204. Calculate the remainder when v is divided by g(-1).
86
Let p(t) be the first derivative of 7*t**3/3 - t**2/2 + 13*t + 31. Calculate the remainder when p(-4) is divided by 12.
9
Calculate the remainder when 816 is divided by (-1406)/(-12) + 81/(-486).
114
Suppose -17200 = -430*b + 86*b. Calculate the remainder when 5197 is divided by b.
47
Let p(k) = k**3 + 20*k**2 - 106*k - 224. Calculate the remainder when 237 is divided by p(-24).
13
Suppose 0 = -5*k + 4*a + 42, 8 + 0 = 4*a. Suppose -b - k = -61. Calculate the remainder when b is divided by 4.
3
Suppose -5*f - 2 = -2*s, 0 = 2*f - 0*f - 3*s + 3. Let u(z) = 18*z + 6 - 2*z**2 - 16*z + 2. What is the remainder when 29 is divided by u(f)?
5
Let m = 192 - 124. Let s = -7131 - -7151. What is the remainder when m is divided by s?
8
Let l(h) = -16*h**2 - 752*h + 3. Calculate the remainder when 2058 is divided by l(-47).
0
Suppose 5*j + 3*z = 1, 3*j - 2*z = 19 - 7. What is the remainder when 83 is divided by -132*((-14)/6 + j)?
39
Suppose 113 = -5*n + 173. Calculate the remainder when 13 is divided by n.
1
Let o = 2783 - 2002. What is the remainder when o is divided by 37?
4
Suppose 3*q = -22 - 5. Let v be 108/2 - (-11 - q). Let l = v - 25. Calculate the remainder when l is divided by 11.
9
Let n = 441 - 266. Suppose 0 = -11*p + 16*p - n. Calculate the remainder when 112 is divided by p.
7
Let y(o) = -5*o**2 - 4*o + 10. Let x be y(2). Suppose -2*c - 9 + 45 = 0. What is the remainder when ((-276)/10)/(x/45) is divided by c?
15
Suppose 3*a + 2*b + 1 = 0, -13 = 3*a - 5*b + 16. What is the remainder when (321/(9/a))/(-1) is divided by 10 - (2/(-1) + 2)?
7
Let c(f) = f**3 - 146*f + 281*f - 143*f - 6*f**2 + 21. Calculate the remainder when 223 is divided by c(7).
13
Suppose -7*i + 3*u = -2*i - 25, 5*i = 2*u + 25. Suppose 4*x = 8, -2*t + 38 = -i*x + x. What is the remainder when 37 is divided by t?
14
Calculate the remainder when 4095 is divided by ((-2025)/12)/(-9)*-10*(-2)/15.
20
Let v(t) = t**3 - 7*t**2 + 42. What is the remainder when v(8) is divided by 23?
14
Let i = -53 + 56. Let o be -4 + i - 1 - -29. Suppose o = 43*v - 42*v. Calculate the remainder when 79 is divided by v.
25
Let b(t) = -7*t**2 - 231*t + 9. Calculate the remainder when (-1530)/(-35) + (-4)/(-14) is divided by b(-33).
8
Let z(j) = j**2 - 2*j - 5. Suppose o + 11 = 39. Let p be (10/(-7))/((-8)/o). Calculate the remainder when 29 is divided by z(p).
9
Suppose -2*r = 3*t - 1602, 860*r = -3*t + 859*r + 1602. Calculate the remainder when t is divided by 133.
2
Let w be 8 